. Let t be ((-10)/4)/((-4)/s). Suppose -2*b + t*d = -205 - 17, 0 = b - 2*d - 113. Is b prime?
False
Suppose 5*c + 1190 = 3*r, 10*r - 5*r = -3*c + 2006. Suppose -6*m = -r - 1106. Is m prime?
True
Is (2 - 3)/(8/24646)*-4 a prime number?
True
Let t be (-1)/(-2)*(-16)/(-1). Suppose 4*z - t - 4 = 0. Let s(b) = 37*b + 2. Is s(z) prime?
True
Let w = 4 + -4. Let c be -3 + (3 - 0) + w. Suppose 2*r + 2*r - 28 = c. Is r a prime number?
True
Suppose 3*f = -l + 14909, -31*l + 5*f = -26*l - 74625. Is l prime?
False
Let q be 1 + 914/(-6) - (-18)/(-27). Let v = 162 - q. Is v prime?
False
Let s = 811 + 28. Is s composite?
False
Suppose 26*t - 4*t = 484. Let o(n) = n**3 + 4*n**2 + 2*n - 2. Let r be o(-3). Let k = t + r. Is k a composite number?
False
Suppose -47*i = 2*o - 45*i - 35046, 4*o - 2*i = 70068. Is o composite?
False
Is (12/(-9))/(32/(-19416)) prime?
True
Suppose -30208 + 9993 = -5*o. Is o composite?
True
Suppose 8*o + 1560 = 10*o. Suppose -v = -6*v - o. Is v/(-1) - (-6)/6 a prime number?
True
Suppose 3*w = -2*k + 24 - 97, 5*w + 151 = 4*k. Let l = w - -712. Is l a prime number?
False
Suppose -4*o + 22467 = -17609. Is o prime?
False
Let k(p) = 2*p**2 - p + 1. Let q be k(1). Let f(o) = -o**2 + 14*o - o**2 + 0*o**q - 11 + 3*o**2. Is f(14) a prime number?
False
Let z be (-260)/28 + 2/7. Is 290 - (-1)/(3/(1*z)) a prime number?
False
Let u = 22 - 19. Suppose -g + 253 = u*d, -4*d + 2*g - 9 = -353. Is d composite?
True
Let r(g) = 162*g - 7. Let s(w) = -w - 1. Let k(z) = r(z) - 3*s(z). Is k(9) a prime number?
True
Let w(x) = -x - 12. Let c be w(-15). Suppose c*b - 712 = 1049. Is b prime?
True
Let p(z) = 89*z - 3*z + 76*z + 1. Let t(k) = -k**2 + 5*k - 3. Let f be t(4). Is p(f) composite?
False
Suppose a - 12 = -5*s, 0*s = -2*s + 5*a - 6. Suppose s*f - 3*f + 299 = 0. Is f a prime number?
False
Let b = -16 + 19. Let g = 2 + b. Suppose r - 108 = 5*u, r + g*u - 510 = -4*r. Is r a composite number?
False
Let d = 24754 - 5589. Is d composite?
True
Is (-7 - (8812/12 + 7))*-3 a composite number?
True
Let u = -32 - -32. Suppose -4*b = 4*r - 5868, 5*r + u*b = -3*b + 7331. Is r a prime number?
False
Let q(c) = 3*c**2 - 4. Let g(y) = 6*y**2 + y - 9. Let v(x) = 3*g(x) - 5*q(x). Is v(-5) prime?
True
Let z(f) = -2*f**3 + 30*f**2 - 10*f + 18. Let u be z(14). Let n be (15/25)/((-1)/(-5)). Suppose -n*c = -4*m - 255, -3*c - 2*m = -m - u. Is c prime?
True
Suppose -17 = -4*s + 5*d, -s - s + 4 = 2*d. Suppose -s*h + 97 - 365 = 4*l, l + 4*h + 54 = 0. Let n = 165 - l. Is n a composite number?
True
Let h = -76 - -76. Suppose h = 4*t - 1396 + 40. Is t composite?
True
Suppose x = 0, -w + 5*x - 125 + 336 = 0. Is w/(2/8*4) composite?
False
Let g = 36 + -54. Let d be (-12)/9*(-204)/17 + 5. Let c = g + d. Is c composite?
False
Let n(b) = b**3 + 3*b**2 + 4. Let o be n(-3). Suppose -o*s = -j - 39, -34 = 4*j - s + 107. Is (32 - -1)*j/(-15) prime?
False
Let n = -181745 - -419886. Is n prime?
True
Let x = -6381 + 10198. Is x a composite number?
True
Suppose -2*x = -4*o + 7*o + 9, -x = 2*o + 6. Let k be 0 + o + 0 + -3. Is (1 + 9/k)*-1594 a composite number?
False
Let h(k) = 2*k**2 - 4*k + 4. Let d be h(2). Suppose -4*s = 2*g - 586, -148 = -d*s + 3*s - g. Is s composite?
True
Let u be (-6)/12*(-15 - -1). Suppose u*c - 3442 = 2907. Is c a composite number?
False
Let h = -9 - -19. Suppose -2*z - 9*a + h*a = -2642, -z = -a - 1323. Is z composite?
False
Let r(p) = 9*p**3 + 10*p**2 - 17*p - 9. Is r(4) prime?
True
Suppose 4*s + 5*n = 41, -n - 3 = -s - 4. Suppose s*r + 3 = 3*r. Is 112 - (15 + r)/4 composite?
False
Let l = 0 + 0. Suppose -q - q + 38 = l. Is q a prime number?
True
Let b = -5233 - -9896. Is b a composite number?
False
Let l(a) = 4*a**2 - 4*a + 2. Let v be l(2). Let p be (-8)/(-6)*(-15)/v. Let y(r) = 16*r**2 + 4*r + 3. Is y(p) composite?
False
Let a be (-60)/(-10)*5/(-2). Let s = 15 + a. Suppose -3*x = t - 3*t - 40, -4*t + 4 = s. Is x a composite number?
True
Let k(w) = 492*w - 199. Is k(21) composite?
False
Suppose 4*g = 3*t + 1727 + 2178, 2965 = 3*g + 5*t. Suppose 0*h + g = 5*h. Suppose h = -w + 5*w. Is w composite?
True
Suppose -13*o - 118 + 1847 = 0. Suppose 24 = -0*v - 2*v. Is o - 2 - v/(-3) a prime number?
True
Suppose 48*u - 42*u = 7302. Is u a prime number?
True
Suppose 22*t - 462868 - 46454 = 0. Is t a prime number?
False
Let h = 8766 - 4495. Is h prime?
True
Let z = -2785 + 4778. Suppose 4*t - 1999 = -2*d - d, -4*t + z = 5*d. Is t a prime number?
False
Let y = 3981 - 2162. Is y prime?
False
Let j(w) = 103*w + 176. Is j(17) composite?
True
Suppose 5*f + 3595 = -3*t, 0 = -f - f - 4*t - 1452. Is (f/(-6))/((-24)/(-36)) a prime number?
True
Let w(s) = 7*s**2 + 2*s + 2. Let i be (-84)/49 - 2/7. Is w(i) prime?
False
Let j = -50 - -105. Let a = j - -528. Is a a prime number?
False
Let m be (-8780)/(-80) - 6/8. Suppose -21 + m = c. Suppose -2*k = a - 5*k - c, -4*a = 2*k - 310. Is a a prime number?
True
Suppose 0 = 5*l - 5 - 0, 0 = 4*r + 5*l - 6901. Suppose -7*a - r = -11*a. Is a a prime number?
True
Suppose -8 = 7*b - 11*b. Suppose 0 = -b*s + 4*s - 502. Is s a composite number?
False
Let v be 2/(-6)*-7*51. Suppose -116*o = -v*o + 4431. Is o composite?
True
Let q = 236 - -599. Is q a prime number?
False
Suppose -5*r - 14 = 2*t, -5*r - 14 = t - 2. Is (-205540)/(-80) - t/(-8) prime?
False
Let t be 296/(-12)*(-3 + (-35 - -2)). Let w = t - 442. Is w composite?
True
Suppose 5*s = 6*s. Suppose 5*p - 433 - 682 = s. Is p prime?
True
Let b(f) = 7*f**2 + f + 6. Let d be b(-3). Is 58*(d/(-4))/(-3) a composite number?
True
Let k(i) = 4*i**2 - 10*i + 1. Let p be ((-4)/(-6) - -2)/(4/6). Is k(p) composite?
True
Let s = 865 + 22. Is s prime?
True
Suppose -4*h - 5*a = -525, 0 = -h - 0*h - 3*a + 126. Let g = h - 76. Is g a composite number?
False
Is (-27513)/(-54)*(61 + -3) a composite number?
True
Let k(o) = 2*o**2 + 4*o + 1993. Is k(0) composite?
False
Is (1/(-3))/((-9)/13257) a prime number?
True
Suppose -38*d - 285385 = -1019963. Is d a prime number?
False
Let t = 13401 - -22196. Is t a prime number?
True
Suppose -2*b - 5*r = -1205, -3*b - 6*r + 1796 = -10*r. Suppose -4*p = 8, 115 + 600 = -3*i + 4*p. Let n = i + b. Is n prime?
True
Suppose -422*j = -406*j - 322576. Is j prime?
True
Suppose -2 = -2*w, 4*g + 2*w = -1 + 23. Let t be 2/7 + 8200/14. Suppose g*s - 4*h = s + 576, 4*s - 2*h = t. Is s prime?
True
Suppose -h - 4*h - 5185 = 0. Suppose 0 = -2*c - c - 3. Is 3 + (c - h) + 4 a prime number?
False
Let m = 1656 + 293. Is m composite?
False
Suppose -60*j + 64*j - 3*g = 2685, -3*g = -2*j + 1347. Is j composite?
True
Suppose -6*a + 4*a - 8 = 0. Let c(n) = 4*n**2 - 7*n - 1. Let j(v) = v + 1. Let w(x) = c(x) + 2*j(x). Is w(a) a composite number?
True
Suppose -8*m = -9*m - 2. Suppose l + 1 = 2*l. Is ((m - -2) + 211)*l prime?
True
Suppose -24*t = -20*t - 49084. Is t a composite number?
True
Let c(l) = -3*l**3 + 56*l**2 + l - 11. Let t(v) = v**3 - 14*v**2 + 3. Let q(z) = 2*c(z) + 9*t(z). Is q(6) prime?
False
Let m be 9/3*20/3. Let f be -2*(-5)/(m/64). Suppose 4*s - 5*g = 39, 3*s - 2*g = f - 1. Is s a composite number?
False
Let g(u) = 10*u + 3. Let i be g(2). Let b = i - 21. Suppose b*f = -2*f + 8. Is f composite?
False
Let d(i) = -i**2 + 7*i - 6. Let t be d(5). Let u be ((-5)/(-1))/5 - (-3558)/(-2). Is (-2)/t*u/7 prime?
True
Suppose 6*g - 5*g - 308 = 0. Let c = 463 - g. Is c a prime number?
False
Let t be 63/15*(-5380)/(-4). Is (-3*1)/((-63)/t) composite?
False
Let d(j) = -j + 3. Let p(l) = -l + 3. Let k be p(2). Let g be d(k). Suppose -2*x - 8 = 0, -v - g*x = -0*v - 81. Is v composite?
False
Suppose -20 = -5*u, -7*n = -9*n + 2*u + 41556. Is n prime?
False
Let q be (-45)/30 - 18/(-4). Suppose -q*i + 1709 = 5*o, -o = 4*o - 20. Is i prime?
True
Suppose 4*m - 6 = 2*x - 0*x, 0 = 5*m - 2*x - 10. Suppose -m*z + 3*z = -119. Is z a prime number?
False
Suppose 315*w = 324*w + 18. Let x(h) be the first derivative of 35*h**3/3 + 3*h + 1. Is x(w) a prime number?
False
Let p(h) be the second derivative of -26*h**3/3 - 2*h. Let l be p(-2). Suppose -2*n - 317 = -5*g, 0 = -2*g - 5*n + 46 + l. Is g a prime number?
False
Let x(j) = -j**3 - 33*j**2 - 19*j + 35. Is x(-33) a prime number?
False
Let o(d) = -14*d**3 + 4*d**2 - 4*d + 4. Let p(z) = -41*z**3 + 11*z**2 - 11*z + 11. Let i(u) = 8*o(u) - 3*p(u). Let t be i(1). Is 12/(-20) 